{"id":131,"date":"2013-08-11T01:44:21","date_gmt":"2013-08-10T23:44:21","guid":{"rendered":"http:\/\/www.calcoloratamutuo.org\/guida\/?page_id=131"},"modified":"2013-08-11T01:44:46","modified_gmt":"2013-08-10T23:44:46","slug":"cancellazione-ipoteca-surroga-cartolarizzazione","status":"publish","type":"page","link":"http:\/\/www.calcoloratamutuo.org\/guida\/cancellazione-ipoteca-surroga-cartolarizzazione","title":{"rendered":"Estinzione mutuo surrogato e cartolarizzato: chi cancella l\u2019ipoteca ?"},"content":{"rendered":"<h1>Domanda<\/h1>\n<p><em>\u201cSalve. Volevo un consiglio su come venir fuori da una situazione che sembra senza via di uscita. Tre anni fa ho usufruito della surroga del mio mutuo, che nel frattempo \u00e8 stato anche ceduto tramite cartolarizzazione ad un\u2019altra banca ancora. Ora sono entrato in possesso di una certa somma di denaro per cui ho avuto la possibilit\u00e0 di estinguere anticipatamente il mutuo stesso. <\/p>\n<p>Premetto che quando ho fatto la surroga mi era stato specificato che non avrei dovuto sostenere costi sull\u2019ipoteca, n\u00e9 allora e n\u00e9 in futuro, quando il mutuo sarebbe stato estinto. <\/p>\n<p>Ora per\u00f2 sono trascorsi diversi mesi, ed anche se non c\u2019\u00e8 pi\u00f9 il mutuo, la banca ancora non ha provveduto all\u2019eliminazione dell\u2019ipoteca, dicendomi che a causa della surroga e della cartolarizzazione, se ne deve occupare la banca che per prima ha stipulato il mutuo. Hanno ragione?\u201d<\/em><\/p>\n<h1>Risposta<\/h1>\n<p>L\u2019operazione di <strong>portabilit\u00e0 o surroga dei mutui<\/strong> ha colto le banca impreparate, soprattutto a causa di una normativa che potenzialmente aveva una portata ben diversa a quella a cui ha condotto. Quando si fa una surroga, la banca che subentra (dove viene portato il mutuo) subentra in tutto e per tutto alla precedente banca, che viene quindi liquidata. Per questa ragione la banca nuova richiede i conteggi di estinzione del mutuo residuo e si fa carico delle <strong>spese notarili per la registrazione dell\u2019ipoteca<\/strong> a proprio nome.<\/p>\n<p>Aspetti tecnici che non interessano i mutuatari, a meno che non si arrivi a situazioni di contenzioso come questi. Tecnicamente quindi \u00e8 la banca attuale, quella presso la quale \u00e8 stata fatta l\u2019estinzione anticipata del mutuo che deve provvedere alla <strong>cancellazione dell\u2019ipoteca sull\u2019immobile<\/strong>. <\/p>\n<p>Tuttavia la scarsa conoscenza che si ha in questo ambito, ha spesso causato situazioni poco chiare. Per uscirne quindi si pu\u00f2 innescare un braccio di ferro con la banca attuale, se gi\u00e0 si \u00e8 tentata gi\u00e0 la strada del dialogo. Oppure si pu\u00f2 semplicemente ricorrere all\u2019<strong>arbitrato bancario<\/strong>, un istituto non ancora molto usato, ma che permette di risolvere varie controversie con modalit\u00e0 semplici e costi molto bassi. <\/p>\n<p>Bisogna prima fare reclamo presso la banca, e trascorsi 30 giorni si pu\u00f2 inoltrare il modulo di  ricorso all\u2019arbitrato bancario allegando la prova dell\u2019avvenuto pagamento del <strong>contributo<\/strong> richiesto pari a soli <strong>20 euro<\/strong>. <\/p>\n","protected":false},"excerpt":{"rendered":"<p>Domanda \u201cSalve. Volevo un consiglio su come venir fuori da una situazione che sembra senza via di uscita. Tre anni<a class=\"read-more\" href=\"http:\/\/www.calcoloratamutuo.org\/guida\/cancellazione-ipoteca-surroga-cartolarizzazione\">Continua a leggere<\/a><\/p>\n","protected":false},"author":1,"featured_media":0,"parent":0,"menu_order":0,"comment_status":"open","ping_status":"open","template":"","meta":[],"_links":{"self":[{"href":"http:\/\/www.calcoloratamutuo.org\/guida\/wp-json\/wp\/v2\/pages\/131"}],"collection":[{"href":"http:\/\/www.calcoloratamutuo.org\/guida\/wp-json\/wp\/v2\/pages"}],"about":[{"href":"http:\/\/www.calcoloratamutuo.org\/guida\/wp-json\/wp\/v2\/types\/page"}],"author":[{"embeddable":true,"href":"http:\/\/www.calcoloratamutuo.org\/guida\/wp-json\/wp\/v2\/users\/1"}],"replies":[{"embeddable":true,"href":"http:\/\/www.calcoloratamutuo.org\/guida\/wp-json\/wp\/v2\/comments?post=131"}],"version-history":[{"count":7,"href":"http:\/\/www.calcoloratamutuo.org\/guida\/wp-json\/wp\/v2\/pages\/131\/revisions"}],"predecessor-version":[{"id":138,"href":"http:\/\/www.calcoloratamutuo.org\/guida\/wp-json\/wp\/v2\/pages\/131\/revisions\/138"}],"wp:attachment":[{"href":"http:\/\/www.calcoloratamutuo.org\/guida\/wp-json\/wp\/v2\/media?parent=131"}],"curies":[{"name":"wp","href":"https:\/\/api.w.org\/{rel}","templated":true}]}}