{"id":7009,"date":"2020-04-01T10:48:35","date_gmt":"2020-04-01T08:48:35","guid":{"rendered":"http:\/\/www.calcoloratamutuo.org\/guida\/?page_id=7009"},"modified":"2020-09-02T12:59:10","modified_gmt":"2020-09-02T10:59:10","slug":"mutuo-lavoratore-esodato","status":"publish","type":"page","link":"http:\/\/www.calcoloratamutuo.org\/guida\/mutuo-lavoratore-esodato","title":{"rendered":"Mutuo lavoratore esodato: quali soluzioni?"},"content":{"rendered":"<h2>Domanda<\/h2>\n<p><em>Ho in essere un mutuo che non riesco pi\u00f9 a onorare perch\u00e9 esodato. Ho parlato con la Banca che mi ha prospettato una soluzione di saldo con stralcio della posizione debitoria attraverso un versamento in una o 2 soluzioni per un totale di 135000 \u20ac. L\u2019appartamento posseduto da me e mia moglie, \u00e8 stato valutato dal perito della Banca 285000 \u20ac. Chiedo: sarebbe possibile vendere la mia quota (50%) attraverso un mutuo alla mia unica figlia in modo da estinguere il debito? Lei ha un contratto a tempo indeterminato. Io nel frattempo, sono andato in pensione. Grazie per l\u2019attenzione.<\/em><\/p>\n<h2>Risposta<\/h2>\n<p>La <strong>vendita di \u2018frazioni\u2019 o quote di propriet\u00e0<\/strong> costituisce sempre un problema quando si tratta di immobili sui quali dovr\u00e0 gravare un mutuo. Questo limite \u00e8 dovuto a una situazione di rischio che le banche non possono generalmente accettare. Nelle compravendite \u2018frazionate\u2019, infatti, se non venisse onorato il mutuo sulla parte dell\u2019immobile sul quale grava l\u2019ipoteca, la banca in teoria non potrebbe ottenere soddisfazione tramite la vendita all\u2019asta. <em>Chi comprerebbe solo una quota di un immobile tramite asta giudiziaria?<\/em> <\/p>\n<p>Fatta questa doverosa precisazione, vi \u00e8 anche un\u2019altra ragione per la quale la soluzione di cancellazione del debito attraverso la vendita della quota del 50% del suo appartamento potrebbe non essere una via percorribile. Verrebbe coinvolta infatti nella compravendita una persona che risulta essere sua erede. E\u2019 vero per\u00f2 che il legame di parentela come figlio pu\u00f2 rappresentare un ostacolo che molte banche non considerano usando la figura del <strong>terzo datore di ipoteca, ovvero lei<\/strong>. Il padre in questa posizione rafforza infatti la garanzia che la banca avrebbe in caso di questioni legali. <\/p>\n<p><center><img src=\"http:\/\/www.calcoloratamutuo.org\/guida\/wp-content\/uploads\/2014\/06\/divisione-casa.jpg\" alt=\"divisione casa\"\/><\/center><\/p>\n<p>Di contro gli acquisti di immobili tra familiari prestano il fianco alle questioni legate alle finte vendite. In quest\u2019ottica \u00e8 quindi effettivamente possibile trovarsi di fronte a difficolt\u00e0 da parte degli istituti di credito per l\u2019accesso al finanziamento.<\/p>\n<p><strong>Come risolvere il problema?<\/strong> <\/p>\n<p><em>Quali potrebbero essere le soluzioni?<\/em> Sicuramente \u00e8 preferibile procedere alla vendita del 100% dell\u2019appartamento, per cui sia lei che sua moglie dovreste vendere la vostra quota. Se la vendita venisse fatta ad un estraneo non ci sarebbero altre problematiche ma rimarrebbe il fatto di dover trovare risorse per poter acquistare un\u2019altra soluzione abitativa, il che dunque, da quello che si capisce dal quesito posto, non risolverebbe tutti i problemi. <\/p>\n<p>Si potrebbe quindi usare la <strong>formula dell&#8217;usufrutto<\/strong>. Pi\u00f9 precisamente lei e sua moglie dovreste vendere l\u2019intera propriet\u00e0 a vostra figlia, mantenendo per\u00f2 l\u2019usufrutto sull\u2019intero immobile. In questo modo, vita natural durante, avrete la possibilit\u00e0 di viverci senza andare incontro ad alcun rischio. A riguardo, per trovare la formula pi\u00f9 adatta dovrebbe consultarsi con un notaio, fermo restando che la banca da lei scelta potrebbe non accettare una situazione di questo tipo. Anche in caso di vendita del 100% dell\u2019immobile ci potrebbero infatti essere grandi limiti nel caso in cui sua figlia non dovesse rimborsare il mutuo che accenderebbe per procedere all\u2019acquisto. <\/p>\n<p>Come possibile alternativa rimane la <a href=\"https:\/\/www.calcoloratamutuo.org\/guida\/acquisto-nuda-proprieta\"><strong>nuda propriet\u00e0<\/strong><\/a> (sempre con vendita a vostra figlia). Essendo voi ancora giovani, il valore di vendita dell\u2019immobile non potrebbe essere troppo alto, anche se probabilmente potrebbe risultare consono all\u2019importo che necessitate per aderire alla proposta di saldo e stralcio. <\/p>\n<p><strong>Prestito vitalizio ipotecario<\/strong><\/p>\n<p>Infine, anche se non \u00e8 quasi mai una formula conveniente, c\u2019\u00e8 il <a href=\"https:\/\/www.calcoloratamutuo.org\/guida\/prestito-vitalizio-ipotecario\"><strong>prestito vitalizio ipotecario<\/strong><\/a>, accessibile solo agli over 60 anni.  In questo caso vostra figlia non diventerebbe proprietaria oggi dell\u2019immobile (nel corso degli anni ci\u00f2 potrebbe diventare un limite in caso di acquisto di altro immobile come prima casa), ma lo diventerebbe la banca che offre questo tipo di prestito e <strong>voi non dovreste rimborsare nulla a meno che non decidiate di farlo<\/strong>. <\/p>\n<p>Attenzione per\u00f2! Il calcolo degli interessi lo rende una modalit\u00e0 che non conviene su periodi di tempo lunghi, tanto \u00e8 vero che spesso gli eredi scelgono di non rimborsare il dovuto alla morte dei <strong>de cuius<\/strong> ma di lasciarlo alla banca. Per valutare la convenienza di tale soluzione oppure per ottenere semplici informazioni \u00e8 essenziale rivolgersi alle banche che offrono questo tipo di prestito.<\/p>\n<p><center><img src=\"http:\/\/www.calcoloratamutuo.org\/guida\/wp-content\/uploads\/2020\/04\/vendita-frazionata-casa-e1585730989205.jpg\" alt=\"vendita frazionata casa\"\/><\/center><\/p>\n<p><strong>Conclusioni<\/strong><\/p>\n<p>Quindi ricapitolando le soluzioni pi\u00f9 fattibili potrebbero essere le seguenti 3:<\/p>\n<ol>\n<li><a href=\"https:\/\/www.calcoloratamutuo.org\/guida\/vendere-casa\">vendita immobile<\/a> per il 100% alla figlia mantenendo l\u2019usufrutto (nella formula consigliata da un notaio di fiducia);<\/li>\n<li>vendita della nuda propriet\u00e0 (anche in questo caso la figlia diventa proprietaria fin da subito ma voi mantenete i diritti vita natural durante);<\/li>\n<li>prestito vitalizio ipotecario (la banca diventa proprietaria e vostra figlia alla vostra morte potr\u00e0 decidere se rimborsare il prestito alla banca o se lasciare che venga venduto l\u2019immobile per saldare il prestito stesso).<\/li>\n<\/ol>\n<p>Attenzione: in tutti e tre i casi bisogna rivolgersi alle banche di interesse valutando quali soluzioni sono disposte ad accettare, dal momento che si tratta di soluzioni molto particolari.<\/p>\n","protected":false},"excerpt":{"rendered":"<p>Domanda Ho in essere un mutuo che non riesco pi\u00f9 a onorare perch\u00e9 esodato. Ho parlato con la Banca che<a class=\"read-more\" href=\"http:\/\/www.calcoloratamutuo.org\/guida\/mutuo-lavoratore-esodato\">Continua a leggere<\/a><\/p>\n","protected":false},"author":1,"featured_media":0,"parent":0,"menu_order":0,"comment_status":"closed","ping_status":"closed","template":"","meta":[],"_links":{"self":[{"href":"http:\/\/www.calcoloratamutuo.org\/guida\/wp-json\/wp\/v2\/pages\/7009"}],"collection":[{"href":"http:\/\/www.calcoloratamutuo.org\/guida\/wp-json\/wp\/v2\/pages"}],"about":[{"href":"http:\/\/www.calcoloratamutuo.org\/guida\/wp-json\/wp\/v2\/types\/page"}],"author":[{"embeddable":true,"href":"http:\/\/www.calcoloratamutuo.org\/guida\/wp-json\/wp\/v2\/users\/1"}],"replies":[{"embeddable":true,"href":"http:\/\/www.calcoloratamutuo.org\/guida\/wp-json\/wp\/v2\/comments?post=7009"}],"version-history":[{"count":10,"href":"http:\/\/www.calcoloratamutuo.org\/guida\/wp-json\/wp\/v2\/pages\/7009\/revisions"}],"predecessor-version":[{"id":7832,"href":"http:\/\/www.calcoloratamutuo.org\/guida\/wp-json\/wp\/v2\/pages\/7009\/revisions\/7832"}],"wp:attachment":[{"href":"http:\/\/www.calcoloratamutuo.org\/guida\/wp-json\/wp\/v2\/media?parent=7009"}],"curies":[{"name":"wp","href":"https:\/\/api.w.org\/{rel}","templated":true}]}}